remainder when 32738 is divided by 32720?
18
What is the remainder when 8507 is divided by 85?
7
What is the remainder when 1681 is divided by 503?
172
What is the remainder when 4744 is divided by 191?
160
What is the remainder when 17456 is divided by 30?
26
Calculate the remainder when 4675 is divided by 53.
11
What is the remainder when 375348 is divided by 25?
23
Calculate the remainder when 30858 is divided by 33.
3
What is the remainder when 14563 is divided by 402?
91
What is the remainder when 26566 is divided by 73?
67
What is the remainder when 1428 is divided by 925?
503
What is the remainder when 8230 is divided by 1025?
30
Calculate the remainder when 50842 is divided by 38.
36
What is the remainder when 12639 is divided by 12111?
528
What is the remainder when 114587 is divided by 385?
242
What is the remainder when 406559 is divided by 42?
41
What is the remainder when 402342 is divided by 2?
0
What is the remainder when 2774 is divided by 580?
454
What is the remainder when 15774984 is divided by 145?
144
Calculate the remainder when 97470 is divided by 19482.
60
Calculate the remainder when 5181 is divided by 352.
253
Calculate the remainder when 108668 is divided by 597.
14
Calculate the remainder when 8895 is divided by 1453.
177
Calculate the remainder when 696 is divided by 648.
48
What is the remainder when 3031 is divided by 97?
24
Calculate the remainder when 184702 is divided by 705.
697
Calculate the remainder when 4903 is divided by 159.
133
Calculate the remainder when 1060733 is divided by 8.
5
Calculate the remainder when 4031 is divided by 503.
7
What is the remainder when 3388 is divided by 6?
4
Calculate the remainder when 1837186 is divided by 149.
16
Calculate the remainder when 4438 is divided by 747.
703
What is the remainder when 2506 is divided by 87?
70
What is the remainder when 17865 is divided by 355?
115
Calculate the remainder when 494 is divided by 73.
56
Calculate the remainder when 314550 is divided by 164.
162
What is the remainder when 516983 is divided by 1401?
14
What is the remainder when 37021 is divided by 18498?
25
Calculate the remainder when 248027 is divided by 24801.
17
What is the remainder when 871365 is divided by 926?
925
Calculate the remainder when 7924475 is divided by 586.
583
What is the remainder when 38134 is divided by 84?
82
Calculate the remainder when 2482 is divided by 511.
438
What is the remainder when 13425 is divided by 65?
35
What is the remainder when 20443 is divided by 20379?
64
What is the remainder when 66994 is divided by 36?
34
Calculate the remainder when 9994 is divided by 195.
49
Calculate the remainder when 3111 is divided by 1034.
9
Calculate the remainder when 1020 is divided by 85.
0
Calculate the remainder when 67287 is divided by 4204.
23
What is the remainder when 687 is divided by 179?
150
Calculate the remainder when 6796 is divided by 460.
356
What is the remainder when 1896 is divided by 625?
21
Calculate the remainder when 1236386 is divided by 17.
10
What is the remainder when 1570 is divided by 1539?
31
What is the remainder when 403593 is divided by 176?
25
Calculate the remainder when 26754 is divided by 2225.
54
What is the remainder when 12903 is divided by 6208?
487
What is the remainder when 904716 is divided by 16?
12
Calculate the remainder when 60074 is divided by 244.
50
Calculate the remainder when 1249389 is divided by 18.
9
What is the remainder when 293297 is divided by 700?
697
What is the remainder when 9886 is divided by 355?
301
Calculate the remainder when 30501 is divided by 492.
489
Calculate the remainder when 6879 is divided by 31.
28
What is the remainder when 9965 is divided by 4982?
1
What is the remainder when 100246 is divided by 33412?
10
Calculate the remainder when 29271 is divided by 80.
71
Calculate the remainder when 21028 is divided by 21016.
12
Calculate the remainder when 75398 is divided by 65.
63
What is the remainder when 421385 is divided by 11?
8
Calculate the remainder when 52246 is divided by 17411.
13
Calculate the remainder when 16072 is divided by 25.
22
What is the remainder when 1628 is divided by 241?
182
Calculate the remainder when 3274719 is divided by 54.
51
Calculate the remainder when 342939 is divided by 351.
12
What is the remainder when 1321293 is divided by 24?
21
Calculate the remainder when 2465 is divided by 601.
61
What is the remainder when 21145 is divided by 192?
25
Calculate the remainder when 3625 is divided by 578.
157
Calculate the remainder when 64009 is divided by 12.
1
What is the remainder when 104442 is divided by 701?
694
Calculate the remainder when 538649 is divided by 450.
449
What is the remainder when 46531 is divided by 803?
760
What is the remainder when 3410 is divided by 57?
47
Calculate the remainder when 5287 is divided by 1202.
479
Calculate the remainder when 15283 is divided by 637.
632
What is the remainder when 4217 is divided by 541?
430
Calculate the remainder when 3339 is divided by 148.
83
What is the remainder when 94592 is divided by 32?
0
Calculate the remainder when 3371339 is divided by 698.
697
Calculate the remainder when 2880 is divided by 713.
28
What is the remainder when 657 is divided by 10?
7
What is the remainder when 1495366 is divided by 14?
12
What is the remainder when 261759 is divided by 84?
15
Calculate the remainder when 8127 is divided by 453.
426
What is the remainder when 269925 is divided by 184?
181
What is the remainder when 500854 is divided by 125208?
22
Calculate the remainder when 26528 is divided by 737.
733
What is the remainder when 22612 is divided by 32?
20
Calculate the remainder when 20302 is divided by 6739.
85
Calculate the remainder when 2839 is divided by 284.
283
Calculate the remainder when 204904 is divided by 13.
11
What is the remainder when 69258 is divided by 105?
63
What is the remainder when 4303 is divided by 4283?
20
What is the remainder when 28017 is divided by 334?
295
Calculate the remainder when 63435 is divided by 107.
91
Calculate the remainder when 24563 is divided by 646.
15
Calculate the remainder when 14678 is divided by 538.
152
Calculate the remainder when 106710 is divided by 6.
0
What is the remainder when 1291 is divided by 345?
256
What is the remainder when 12566 is divided by 660?
26
What is the remainder when 612500 is divided by 11?
9
Calculate the remainder when 2129 is divided by 80.
49
Calculate the remainder when 137997 is divided by 1232.
13
Calculate the remainder when 558482 is divided by 111680.
82
Calculate the remainder when 24124 is divided by 5977.
216
Calculate the remainder when 16075 is divided by 10.
5
Calculate the remainder when 13658 is divided by 207.
203
Calculate the remainder when 317686 is divided by 20.
6
What is the remainder when 4090 is divided by 184?
42
Calculate the remainder when 1410 is divided by 277.
25
What is the remainder when 769 is divided by 215?
124
Calculate the remainder when 46054 is divided by 329.
323
Calculate the remainder when 6996 is divided by 990.
66
What is the remainder when 55458 is divided by 6160?
18
What is the remainder when 153890 is divided by 30775?
15
Calculate the remainder when 3146 is divided by 281.
55
Calculate the remainder when 4796 is divided by 790.
56
Calculate the remainder when 25134 is divided by 866.
20
Calculate the remainder when 32316 is divided by 66.
42
Calculate the remainder when 1147 is divided by 53.
34
Calculate the remainder when 49106 is divided by 12275.
6
Calculate the remainder when 3100 is divided by 281.
9
What is the remainder when 10505 is divided by 10498?
7
What is the remainder when 9785 is divided by 4635?
515
Calculate the remainder when 107482 is divided by 107473.
9
What is the remainder when 31232 is divided by 679?
677
What is the remainder when 13484 is divided by 1214?
130
What is the remainder when 61364 is divided by 170?
164
Calculate the remainder when 2349 is divided by 2316.
33
Calculate the remainder when 31251 is divided by 7791.
87
What is the remainder when 651812 is divided by 325903?
6
Calculate the remainder when 270781 is divided by 441.
7
What is the remainder when 4725 is divided by 464?
85
What is the remainder when 72195 is divided by 35?
25
